{"id":24,"date":"2018-04-10T23:14:52","date_gmt":"2018-04-11T02:14:52","guid":{"rendered":"http:\/\/marquise51.com.br\/?page_id=24"},"modified":"2024-10-28T10:30:35","modified_gmt":"2024-10-28T13:30:35","slug":"quem-somos","status":"publish","type":"page","link":"https:\/\/marquise51.com.br\/index.php\/quem-somos\/","title":{"rendered":"M51 Hub Criativo"},"content":{"rendered":"<p><span style=\"font-weight: 400;\">A Marquise 51 Hub Criativo tem o prop\u00f3sito de ser uma plataforma colaborativa para fortalecer e criar solu\u00e7\u00f5es para o mercado cultural-musical-criativo do Sul do Brasil. \u00a0<\/span><\/p>\n<p><span style=\"font-weight: 400;\">O HUB participa h\u00e1 17 anos ativamente da cria\u00e7\u00e3o cultural da cidade. M\u00fasica interligada \u00e0s artes pl\u00e1sticas, comunica\u00e7\u00e3o e gest\u00e3o cultural s\u00e3o a engrenagem do nosso hub focado em criar solu\u00e7\u00f5es para o mercado criativo.<\/span><\/p>\n<p><span style=\"font-weight: 400;\">Atualmente somos uma produtora cultural, est\u00fadio musical de ensaios e grava\u00e7\u00f5es e selo, mas tamb\u00e9m reun\u00edmos na nossa sede iniciativas como o atelier \u201cO Besti\u00e1rio\u201d,\u00a0 o Festival Morrostock, as produtoras culturais Gamana e Folk, a ag\u00eancia de m\u00fasica eletr\u00f4nica Konnekt e a Escola de M\u00fasica Rock Star.\u00a0<\/span><\/p>\n<p><span style=\"font-weight: 400;\">Estas liga\u00e7\u00f5es formaram um hub conectando mentes criativas em uma rede 2.0. Somos artistas e empreendedores em movimento e trabalhamos com o conhecimento, inova\u00e7\u00e3o e cultura como neg\u00f3cio. Procuramos uma alternativa \u00e0 economia formal, fazendo da cultura e da coletividade uma poderosa for\u00e7a de transforma\u00e7\u00e3o e de desenvolvimento.<\/span><\/p>\n<p><span style=\"font-weight: 400;\">A Marquise 51 oferece todas as frentes para voc\u00ea fazer um evento inovador, \u00a0com estrat\u00e9gias criativas, comunica\u00e7\u00e3o e capta\u00e7\u00e3o de parceiros. Nossa casa colaborativa disp\u00f5e de 3 salas de ensaios e grava\u00e7\u00f5es musicais com qualidade profissional e um ambiente cheio de conex\u00f5es. Al\u00e9m de contarmos com um nov\u00edssimo equipamento de sonoriza\u00e7\u00e3o para loca\u00e7\u00e3o para eventos. <\/span><\/p>\n<p><iframe loading=\"lazy\" style=\"border: 0;\" src=\"https:\/\/www.google.com\/maps\/embed?pb=!1m23!1m12!1m3!1d110537.48578489794!2d-51.28669223116709!3d-30.028352452251035!2m3!1f0!2f0!3f0!3m2!1i1024!2i768!4f13.1!4m8!3e6!4m0!4m5!1s0x951979a8c8184f0d%3A0xa237e8342f390685!2smarquise+51!3m2!1d-30.028371!2d-51.216651999999996!5e0!3m2!1spt-BR!2sbr!4v1524150778536\" width=\"100%\" height=\"400\" frameborder=\"0\" allowfullscreen=\"allowfullscreen\"><\/iframe><\/p>\n","protected":false},"excerpt":{"rendered":"<p>A Marquise 51 Hub Criativo tem o prop\u00f3sito de ser uma plataforma colaborativa para fortalecer e criar solu\u00e7\u00f5es para o &hellip; <\/p>\n","protected":false},"author":1,"featured_media":452,"parent":0,"menu_order":0,"comment_status":"closed","ping_status":"closed","template":"","meta":{"_joinchat":[],"footnotes":""},"class_list":["post-24","page","type-page","status-publish","has-post-thumbnail","hentry"],"_links":{"self":[{"href":"https:\/\/marquise51.com.br\/index.php\/wp-json\/wp\/v2\/pages\/24","targetHints":{"allow":["GET"]}}],"collection":[{"href":"https:\/\/marquise51.com.br\/index.php\/wp-json\/wp\/v2\/pages"}],"about":[{"href":"https:\/\/marquise51.com.br\/index.php\/wp-json\/wp\/v2\/types\/page"}],"author":[{"embeddable":true,"href":"https:\/\/marquise51.com.br\/index.php\/wp-json\/wp\/v2\/users\/1"}],"replies":[{"embeddable":true,"href":"https:\/\/marquise51.com.br\/index.php\/wp-json\/wp\/v2\/comments?post=24"}],"version-history":[{"count":0,"href":"https:\/\/marquise51.com.br\/index.php\/wp-json\/wp\/v2\/pages\/24\/revisions"}],"wp:featuredmedia":[{"embeddable":true,"href":"https:\/\/marquise51.com.br\/index.php\/wp-json\/wp\/v2\/media\/452"}],"wp:attachment":[{"href":"https:\/\/marquise51.com.br\/index.php\/wp-json\/wp\/v2\/media?parent=24"}],"curies":[{"name":"wp","href":"https:\/\/api.w.org\/{rel}","templated":true}]}}